Let y be v(k). Calculate the greatest common factor of 40 and y.
8
Let k(j) = -j**3 + 5*j**2 + 10*j - 8. Let t be k(6). What is the greatest common divisor of t and 368?
16
Let c(q) = -q**3 - 90*q**2 + 7*q + 671. Let i be c(-90). Suppose -2*l + 890 = 4*v - 0*v, -1338 = -3*l - 5*v. Calculate the highest common divisor of l and i.
41
Suppose -t = m + 29, -t - 3*m - 24 = -7*m. Let d be 1 - (0/(-2) + t). Calculate the highest common factor of d and 116.
29
Suppose -2477 = 39*o - 9770. Suppose 31 = 3*r + 2*z - 21, z = -5*r + 75. Let a = r + 3. What is the greatest common divisor of a and o?
17
Let k be 82 + 3272 + 1*-4. What is the greatest common factor of k and 25?
25
Let t be 3*74/24 - (-3)/(-12). Let v = -135 - -162. What is the highest common factor of v and t?
9
Let t(u) = 4 - 2*u + 3 - 6 + 4*u + u**2. Let d be t(3). Calculate the greatest common divisor of d and 8.
8
Suppose 6*d + 631 - 1 = 0. Let j = -97 - d. Let l be (9 - 1)/(2 - 1). What is the highest common divisor of l and j?
8
Let p be ((-7448)/(-6) + 16/24)/1. Calculate the highest common factor of 92 and p.
46
Let n = -88 - -143. Let b be ((-44)/12)/((-2)/6). Calculate the greatest common divisor of n and b.
11
Let n(p) = p**2 - 8*p + 8. Let w be n(8). Suppose -125 = 3*y - w*y. Calculate the highest common factor of y and 25.
25
Let n be ((-24)/(-30))/(((-16)/(-530))/4). Let t = -95 + n. Calculate the highest common divisor of 77 and t.
11
Let u(o) = -o**2 - 9*o + 9. Let w be u(-9). Let j(v) = 11*v - 30. Let d be j(w). What is the greatest common divisor of d and 115?
23
Let y(g) = g**3 + 30*g**2. Let c be y(-30). Let l be (-1)/(1 + 43/(-42)). Suppose 5*q = 0, 3*x - 2*q - q - l = c. What is the highest common factor of 2 and x?
2
Suppose 135*k = 171*k - 15660. What is the greatest common factor of 75 and k?
15
Suppose 4*m - 46 = 134. Calculate the highest common factor of m and 315.
45
Suppose 5*y + 4*l - 54 = 0, l - 16 = -2*y - 2*l. Let g = 588 + -462. What is the greatest common factor of g and y?
14
Let n(u) = -2 - 3*u + 4 + 4. Let c be n(-6). Suppose -17*w = -878 - 1978. Calculate the highest common divisor of c and w.
24
Let g(u) = -u**2 + 2*u - 15. Let a be g(0). Let t be 253/5 - (-9)/a. What is the highest common divisor of t and 25?
25
Let c(r) = 38*r - 384. Let p be c(11). Let w = 592 - 354. Calculate the greatest common factor of p and w.
34
Let i be 3*2651/33 + 4. What is the highest common divisor of i and 98?
49
Suppose 3*c + 8 = -5*m - 7, 5*c = -4*m - 25. Let a be 2/(c/((-165)/2)). Let p be (0 - (2 + 1))*-1. Calculate the greatest common divisor of p and a.
3
Let h(x) = -x**2 - 8*x + 3. Suppose -z = -5*s - 40, z + 0*s = s + 24. Let l = 13 - z. Let a be h(l). Calculate the highest common factor of a and 2.
2
Suppose -2*w + 55 = 5*t - 29, -2*t + 30 = 2*w. Suppose 162 = -6*f + 12*f. What is the highest common divisor of t and f?
9
Let a = -35 - -185. What is the highest common factor of a and 60?
30
Let n(i) = -23*i. Let t be n(-6). Suppose 0 = 3*c + j - 167, 4*c - 60 = 2*j + 166. Suppose -2*l = 10 - c. What is the greatest common factor of l and t?
23
Suppose -1160*i + 312 = -1154*i. What is the greatest common factor of i and 390?
26
Suppose -4*o + 6 = 4*z - 46, -4*o = 4. Suppose 12*d - 2 = 11*d. Suppose -18 = -d*r + z. Calculate the greatest common factor of 80 and r.
16
Suppose -72 + 27 = -9*l. Calculate the highest common factor of l and 40.
5
Let s(r) = 2*r**3 - 10*r**2 - 5. Let g be s(5). Let t be (-3)/3*110/g. What is the greatest common factor of t and 88?
22
Let h = 12 + -9. Suppose -67 = -h*p - 7. What is the highest common divisor of p and 4?
4
Let y = 15 - 4. Suppose -2*z = -5*m + 17, -5*m - 3*z + 41 = z. Suppose -4*l + k = -88, 88 = m*l - l + 3*k. What is the highest common divisor of y and l?
11
Let r be (28/(-10))/(16/(-400)). Calculate the highest common factor of 224 and r.
14
Suppose 4 = -2*f + 4*f. Let w be -11*(1 + 0 - f). Let j = 3425 + -3381. What is the greatest common factor of w and j?
11
Let x = -21309 + 21334. Let n(o) = -o**3 - 6*o**2 - 6*o + 5. Let d be n(-5). What is the greatest common factor of d and x?
5
Suppose -20*c = -14*c. Suppose -l + c*l + 72 = 0. Suppose w = -4, -3*f - w - w + 64 = 0. What is the highest common divisor of l and f?
24
Suppose 10*d + 850 = 980. Suppose -3*t = 4*q - 199, -2*t - 5*q + 135 = -0*t. What is the highest common factor of t and d?
13
Suppose -4*o = s - 42, -3*s - 5*o - 20 = -146. Let a = -17 + s. Let x = a - 15. What is the highest common factor of 4 and x?
2
Suppose 3*r + 183 = i, -5*r - 300 = -4*i + 467. What is the highest common factor of i and 18?
18
Let t(y) = -y + 3 - 2 - 1. Let c be t(-5). Suppose -5*u + 126 = 26. What is the greatest common factor of c and u?
5
Let t = 188 + -108. Let q be -6 + 2/(-4)*-8 + -23. Let j = t - q. What is the greatest common divisor of 15 and j?
15
Let t = 206 + -191. Let m = 82 - 7. Calculate the highest common factor of t and m.
15
Let p be 8/(2 + (-216)/114). Calculate the greatest common divisor of 4 and p.
4
Let m(k) = -k**2 + 3. Let r = -14 - -14. Let c be m(r). Suppose -c*v + 67 + 122 = 0. What is the greatest common factor of 42 and v?
21
Suppose 82 - 1132 = -21*t. What is the highest common divisor of 1075 and t?
25
Let w be 1/(-2) + ((-55539)/(-6))/17. Calculate the highest common divisor of 68 and w.
68
Let z(x) = -x**3 + x - 4. Let q be z(-4). Let t(d) = 2*d**2 - 8*d - 56. Let m be t(-4). Calculate the greatest common factor of q and m.
8
Let o(y) = -35*y + 17. Let l be o(-5). Suppose 6*i + l = 10*i. Calculate the highest common divisor of i and 12.
12
Let v be (-7194)/(-54) - 2/9. Suppose 7*s = 14*s - 133. What is the highest common divisor of s and v?
19
Let p = 366 - 98. What is the greatest common divisor of p and 201?
67
Let r(l) = -l**2 + 8*l - 7. Let i be r(5). Let g = -33 - -60. Let d = g + -19. Calculate the greatest common factor of i and d.
8
Let w(x) = x**3 + 2*x**2 - x + 216. Let d be w(0). Suppose p = 3*p - d. What is the highest common divisor of 36 and p?
36
Let b(n) = 27*n - 1. Let s be b(1). Suppose -5*r + 14 = 4*a, -2*a + 5*r + s = 4. Calculate the highest common divisor of 204 and a.
6
Suppose -12*p + 54 = -6*p. Suppose 3*l = 2*o - 12, 5*l = 2*o - 8 - 4. Suppose 21 = w - o. What is the highest common factor of p and w?
9
Let v(t) = -3*t**3 + 5*t**2 - 6*t. Let h be v(4). Let j = 192 + h. Let b be -3 - 3 - -3 - -11. What is the greatest common divisor of b and j?
8
Suppose -3*g = -d + 2*d - 23, -2*g + 37 = 5*d. Let y be (1 - 25)/(g/(-24)). Let u be ((-1)/2)/((-8)/y). What is the highest common factor of u and 12?
6
Suppose -2*r = 70 + 78. Let s = r - -134. Suppose q + s = 3*q. What is the greatest common factor of 3 and q?
3
Let i(b) = 3*b**3 - 2*b**2 + b - 2. Let t(u) = -u**2 + 0 + 2 + 6*u + 0. Let h be t(6). Let a be i(h). Calculate the highest common divisor of 40 and a.
8
Let c = -82 + 170. Calculate the highest common divisor of c and 66.
22
Let p(u) = 47*u - 122. Let q be p(4). Calculate the greatest common factor of 297 and q.
33
Suppose 4*g + 46 + 2 = 2*k, -60 = -5*k - 2*g. What is the highest common factor of 1694 and k?
14
Let u = -3345 + 3357. Let j = 8 - 2. What is the highest common divisor of j and u?
6
Let z(n) = -36*n - 486. Let b be z(-14). Let v = 26 - -19. What is the highest common divisor of v and b?
9
Suppose 2*s + 4*z - 66 = 0, -3*s - z = -6*z - 88. Calculate the greatest common factor of 1271 and s.
31
Suppose 5*x - 635 = -5*g, -3*x + 3*g + 277 + 110 = 0. What is the greatest common divisor of 4 and x?
4
Let w be (-171)/(-15) + 4/(-10). Calculate the highest common factor of w and 1.
1
Let i(r) = r**2 - 4*r - 11. Let z be i(10). Suppose 5*c = 21 + z. Let k(n) = 4*n - 6. Let u be k(5). What is the highest common divisor of c and u?
14
Let s(y) = -22*y - 2. Let g be s(-6). Let x be (-1 - 216/(-15)) + 18/(-45). What is the highest common factor of x and g?
13
Let p(u) = -u**2 - 12*u - 22. Let j be p(-4). What is the highest common divisor of 70 and j?
10
Suppose 3*s = -15, -3*m = 5*s + 3 - 329. Let v be (-4)/6*(6318/(-12))/27. What is the greatest common divisor of v and m?
13
Suppose 3*r + 3*q = 63, 4*r + 3*q - 23 = 63. Calculate the highest common divisor of 1633 and r.
23
Let q(u) = -60*u + 319. Let n be q(5). Su